{"id":17,"date":"2017-04-04T07:04:04","date_gmt":"2017-04-04T07:04:04","guid":{"rendered":"http:\/\/wp12848379.server-he.de\/?page_id=17"},"modified":"2017-04-24T20:37:10","modified_gmt":"2017-04-24T18:37:10","slug":"produkte","status":"publish","type":"page","link":"http:\/\/www.forsttec.lu\/?page_id=17","title":{"rendered":"Produkte"},"content":{"rendered":"<div class=\"bt_bb_wrapper\"><section id=\"bt_bb_section69f87b1052830\"  class=\"bt_bb_section bt_bb_layout_wide bt_bb_vertical_align_top\" ><div class=\"bt_bb_port\"><div class=\"bt_bb_cell\"><div class=\"bt_bb_cell_inner\"><div  class=\"bt_bb_row\" ><div  class=\"bt_bb_column col-md-12 col-ms-12 bt_bb_align_left bt_bb_vertical_align_top bt_bb_padding_normal\"  data-width=\"12\"><div class=\"bt_bb_column_content\"><header class=\"bt_bb_headline bt_bb_dash_none bt_bb_size_inherit bt_bb_align_inherit\"><h1><span class=\"bt_bb_headline_content\"><span>Produktkatalog<\/span><\/span><\/h1><\/header><div  class=\"bt_bb_text\" ><p><img decoding=\"async\" loading=\"lazy\" class=\"wp-image-233 size-medium alignright\" src=\"http:\/\/www.forsttec.lu\/wp-content\/uploads\/2017\/04\/Screen-Shot-2017-04-24-at-12.30.11-208x300.png\" alt=\"\" width=\"208\" height=\"300\" srcset=\"http:\/\/www.forsttec.lu\/wp-content\/uploads\/2017\/04\/Screen-Shot-2017-04-24-at-12.30.11-208x300.png 208w, http:\/\/www.forsttec.lu\/wp-content\/uploads\/2017\/04\/Screen-Shot-2017-04-24-at-12.30.11-768x1108.png 768w, http:\/\/www.forsttec.lu\/wp-content\/uploads\/2017\/04\/Screen-Shot-2017-04-24-at-12.30.11-710x1024.png 710w, http:\/\/www.forsttec.lu\/wp-content\/uploads\/2017\/04\/Screen-Shot-2017-04-24-at-12.30.11.png 848w\" sizes=\"(max-width: 208px) 100vw, 208px\" \/>\u00c4hnlich umfangreich wie auch schon der Vorg\u00e4nger, pr\u00e4sentiert sich ab sofort nun auch unser neuer Katalog!<\/p>\n<p>Den gesamten Katalog k\u00f6nnen Sie bequem im PDF Format hier herunterladen:<\/p>\n<p><a href=\"http:\/\/www.forsttec.lu\/wp-content\/uploads\/2017\/04\/KATALOG-2016-DE-web-brez-uvoznika-ilovepdf-compressed-2.pdf\">KATALOG 2016 DE web<\/a><\/p>\n<\/div><div class=\"bt_bb_separator bt_bb_top_spacing_normal bt_bb_bottom_spacing_normal bt_bb_border_style_dotted\"><\/div><header class=\"bt_bb_headline bt_bb_dash_none bt_bb_size_inherit bt_bb_align_inherit\"><h1><span class=\"bt_bb_headline_content\"><span>Produkte<\/span><\/span><\/h1><\/header><\/div><\/div><\/div><div  class=\"bt_bb_row\" ><div  class=\"bt_bb_column col-md-4 col-ms-12 bt_bb_align_center bt_bb_vertical_align_top bt_bb_padding_normal\"  data-width=\"4\"><div class=\"bt_bb_column_content\"><div class=\"bt_bb_image bt_bb_shape_square bt_bb_align_inherit\"><a href=\"http:\/\/www.forsttec.lu\/?page_id=156\"  target=\"_self\"><img src=\"http:\/\/www.forsttec.lu\/wp-content\/uploads\/2017\/04\/Forstseilwinden.jpg\" alt=\"http:\/\/www.forsttec.lu\/wp-content\/uploads\/2017\/04\/Forstseilwinden.jpg\"><\/a><\/div><div class=\"bt_bb_button bt_bb_icon_position_left bt_bb_style_filled bt_bb_size_large bt_bb_width_full bt_bb_shape_inherit bt_bb_align_inherit\"><a href=\"http:\/\/www.forsttec.lu\/?page_id=156\" target=\"_self\" class=\"bt_bb_link\" title=\"Forstseilwinden\"><span class=\"bt_bb_button_text\">Forstseilwinden<\/span><span  data-ico-fa=\"&#xf0a9;\" class=\"bt_bb_icon_holder\"><\/span><\/a><\/div><\/div><\/div><div  class=\"bt_bb_column col-md-4 col-ms-12 bt_bb_align_center bt_bb_vertical_align_top bt_bb_padding_normal\"  data-width=\"4\"><div class=\"bt_bb_column_content\"><div class=\"bt_bb_image bt_bb_shape_square bt_bb_align_inherit\"><a href=\"http:\/\/www.forsttec.lu\/?page_id=205\"  target=\"_self\"><img src=\"http:\/\/www.forsttec.lu\/wp-content\/uploads\/2017\/04\/Holzspalter.jpg\" alt=\"http:\/\/www.forsttec.lu\/wp-content\/uploads\/2017\/04\/Holzspalter.jpg\"><\/a><\/div><div class=\"bt_bb_button bt_bb_icon_position_left bt_bb_style_filled bt_bb_size_large bt_bb_width_full bt_bb_shape_inherit bt_bb_align_inherit\"><a href=\"http:\/\/www.forsttec.lu\/?page_id=205\" target=\"_self\" class=\"bt_bb_link\" title=\"Holzspalter\"><span class=\"bt_bb_button_text\">Holzspalter<\/span><span  data-ico-fa=\"&#xf0a9;\" class=\"bt_bb_icon_holder\"><\/span><\/a><\/div><\/div><\/div><div  class=\"bt_bb_column col-md-4 col-ms-12 bt_bb_align_center bt_bb_vertical_align_top bt_bb_padding_normal\"  data-width=\"4\"><div class=\"bt_bb_column_content\"><div class=\"bt_bb_image bt_bb_shape_square bt_bb_align_inherit\"><a href=\"http:\/\/www.forsttec.lu\/?page_id=221\"  target=\"_self\"><img src=\"http:\/\/www.forsttec.lu\/wp-content\/uploads\/2017\/04\/Zubehoer.jpg\" alt=\"http:\/\/www.forsttec.lu\/wp-content\/uploads\/2017\/04\/Zubehoer.jpg\"><\/a><\/div><div class=\"bt_bb_button bt_bb_icon_position_left bt_bb_style_filled bt_bb_size_large bt_bb_width_full bt_bb_shape_inherit bt_bb_align_inherit\"><a href=\"http:\/\/www.forsttec.lu\/?page_id=221\" target=\"_self\" class=\"bt_bb_link\" title=\"Zubeh\u00f6r\"><span class=\"bt_bb_button_text\">Zubeh\u00f6r<\/span><span  data-ico-fa=\"&#xf0a9;\" class=\"bt_bb_icon_holder\"><\/span><\/a><\/div><\/div><\/div><\/div><div  class=\"bt_bb_row\" ><div  class=\"bt_bb_column col-md-12 col-ms-12 bt_bb_align_left bt_bb_vertical_align_top bt_bb_padding_normal\"  data-width=\"12\"><div class=\"bt_bb_column_content\"><\/div><\/div><\/div><\/div><\/div><\/div><\/section><\/div>","protected":false},"excerpt":{"rendered":"","protected":false},"author":1,"featured_media":75,"parent":0,"menu_order":0,"comment_status":"closed","ping_status":"closed","template":"","meta":[],"_links":{"self":[{"href":"http:\/\/www.forsttec.lu\/index.php?rest_route=\/wp\/v2\/pages\/17"}],"collection":[{"href":"http:\/\/www.forsttec.lu\/index.php?rest_route=\/wp\/v2\/pages"}],"about":[{"href":"http:\/\/www.forsttec.lu\/index.php?rest_route=\/wp\/v2\/types\/page"}],"author":[{"embeddable":true,"href":"http:\/\/www.forsttec.lu\/index.php?rest_route=\/wp\/v2\/users\/1"}],"replies":[{"embeddable":true,"href":"http:\/\/www.forsttec.lu\/index.php?rest_route=%2Fwp%2Fv2%2Fcomments&post=17"}],"version-history":[{"count":108,"href":"http:\/\/www.forsttec.lu\/index.php?rest_route=\/wp\/v2\/pages\/17\/revisions"}],"predecessor-version":[{"id":264,"href":"http:\/\/www.forsttec.lu\/index.php?rest_route=\/wp\/v2\/pages\/17\/revisions\/264"}],"wp:featuredmedia":[{"embeddable":true,"href":"http:\/\/www.forsttec.lu\/index.php?rest_route=\/wp\/v2\/media\/75"}],"wp:attachment":[{"href":"http:\/\/www.forsttec.lu\/index.php?rest_route=%2Fwp%2Fv2%2Fmedia&parent=17"}],"curies":[{"name":"wp","href":"https:\/\/api.w.org\/{rel}","templated":true}]}}