{"id":156,"date":"2017-04-24T09:44:46","date_gmt":"2017-04-24T07:44:46","guid":{"rendered":"http:\/\/www.forsttec.lu\/?page_id=156"},"modified":"2017-05-03T18:04:12","modified_gmt":"2017-05-03T16:04:12","slug":"forstseilwinden","status":"publish","type":"page","link":"http:\/\/www.forsttec.lu\/?page_id=156","title":{"rendered":"Forstseilwinden"},"content":{"rendered":"<div class=\"bt_bb_wrapper\"><section id=\"bt_bb_section69f88ed1c10dc\"  class=\"bt_bb_section bt_bb_layout_wide bt_bb_vertical_align_top\" ><div class=\"bt_bb_port\"><div class=\"bt_bb_cell\"><div class=\"bt_bb_cell_inner\"><div  class=\"bt_bb_row\" ><div  class=\"bt_bb_column col-md-12 col-ms-12 bt_bb_align_left bt_bb_vertical_align_top bt_bb_padding_normal\"  data-width=\"12\"><div class=\"bt_bb_column_content\"><div class=\"bt_bb_tabs bt_bb_style_outline bt_bb_shape_square\"><ul class=\"bt_bb_tabs_header\"><li><span>Serie E und ER<\/span><\/li><li><span>Serie EH<\/span><\/li><li><span>Serie Savall<\/span><\/li><li><span>Serie DH<\/span><\/li><li><span>2x8EH<\/span><\/li><\/ul><div class=\"bt_bb_tabs_tabs\"><div class=\"bt_bb_tab_item\">\r\n\t\t\t<div class=\"bt_bb_tab_content\"><div  class=\"bt_bb_text\" ><h1>Die Forstseilwinden der Serie\u00a0<strong>EH<\/strong><\/h1>\n<div class=\"interactive_module-description\"><b>Winde 5,5 FEH<\/b>\u00a0ist eine\u00a0<b>kombinierte Winde f\u00fcr Heck- und Frontanbau<\/b>\u00a0am Traktor, der damit\u00a0<b>vielseitiger<\/b>\u00a0wird. Mit der Winde vorne, bleibt noch hinten am Traktor der Anschluss f\u00fcr andere Ger\u00e4te frei.<\/div>\n<div class=\"interactive_module-description\"><\/div>\n<div class=\"collapsibleContent\">\u00a0<a href=\"http:\/\/wp12848379.server-he.de\/wp-content\/uploads\/2017\/04\/95-EH_1.jpeg\"><img decoding=\"async\" loading=\"lazy\" class=\"alignnone size-medium wp-image-168\" src=\"http:\/\/wp12848379.server-he.de\/wp-content\/uploads\/2017\/04\/95-EH_1-200x300.jpeg\" alt=\"\" width=\"200\" height=\"300\" srcset=\"http:\/\/www.forsttec.lu\/wp-content\/uploads\/2017\/04\/95-EH_1-200x300.jpeg 200w, http:\/\/www.forsttec.lu\/wp-content\/uploads\/2017\/04\/95-EH_1.jpeg 427w\" sizes=\"(max-width: 200px) 100vw, 200px\" \/><\/a><a href=\"http:\/\/wp12848379.server-he.de\/wp-content\/uploads\/2017\/04\/95-EH_DNS_detajli_2.jpeg\"><img decoding=\"async\" loading=\"lazy\" class=\"alignnone size-medium wp-image-173\" src=\"http:\/\/wp12848379.server-he.de\/wp-content\/uploads\/2017\/04\/95-EH_DNS_detajli_2-200x300.jpeg\" alt=\"\" width=\"200\" height=\"300\" srcset=\"http:\/\/www.forsttec.lu\/wp-content\/uploads\/2017\/04\/95-EH_DNS_detajli_2-200x300.jpeg 200w, http:\/\/www.forsttec.lu\/wp-content\/uploads\/2017\/04\/95-EH_DNS_detajli_2.jpeg 427w\" sizes=\"(max-width: 200px) 100vw, 200px\" \/><\/a><\/div>\n<div class=\"collapsibleContent\">\n<h1><\/h1>\n<div class=\"collapsibleContent\">\n<div class=\"collapsibleContent-content\">\n<div class=\"paragraph paragraph-normal \">\n<div>Bei\u00a0<b>Frontanbau<\/b>\u00a0benutzen wir den\u00a0<b>oberen Stummel<\/b>, bei dem die Standarddrehzahl 1000 min-1 \u00a0betr\u00e4gt und die Welle nach<b>\u00a0rechts<\/b>\u00a0dreht.\u00a0Bei\u00a0<b>Heckanbau<\/b>\u00a0benutzt man den\u00a0<b>unteren Stummel<\/b>\u00a0mit der linken Drehrichtung und Standard 540 min -1.<\/div>\n<div>\n<div><\/div>\n<h2>SICHERHEIT<\/h2>\n<div>als wichtigster Faktor wird durch Konstruktionsl\u00f6sungen gew\u00e4hrleistet, die mit den europ\u00e4ischen Sicherheitsvorschriften (CE) \u00fcbereinstimmen.<\/div>\n<div><\/div>\n<h2>FUNKTIONALIT\u00c4T<\/h2>\n<p>einfaches und schnelles Ankoppeln an alle Traktortypen<\/p>\n<p>gro\u00dfe Zugkraft<\/p>\n<p>einfache und betriebssichere Steuerung<\/p>\n<p>gro\u00dfe Kapazit\u00e4t der Seiltrommel<\/p>\n<div><\/div>\n<h2>QUALIT\u00c4T<\/h2>\n<p>robuste und gepr\u00fcfte Konstruktion<\/p>\n<p>qualit\u00e4tsvolle Materiale<\/p>\n<p>hoher technologische Niveau der Produktion<\/p>\n<p>hohe Arbeitsicherheit<\/p>\n<p>100% effektive Endkontrolle<\/p>\n<\/div>\n<div><\/div>\n<div>Alle Winden der Serie EH (= elektro-hydraulische Steuerung) k\u00f6nnen optional mit dem patentierten Seilaussto\u00df und Einlaufbremse mit Stop-Schalter, Mengenteiler und Funkfernsteuerung ausger\u00fcstet werden.<\/div>\n<\/div>\n<div>\n<h2><\/h2>\n<h2>Eigenschaften<\/h2>\n<table class=\"results-table\" style=\"height: 781px;\" width=\"100%\" cellspacing=\"0\" cellpadding=\"0\">\n<tbody>\n<tr style=\"height: 26px;\">\n<td style=\"height: 26px; width: 253.53125px;\">TYP<\/td>\n<td style=\"height: 26px; width: 128.5px;\">KRPAN 4,5EH<\/td>\n<td style=\"height: 26px; width: 95.140625px;\">KRPAN5,5EH<\/td>\n<td style=\"height: 26px; width: 59.515625px;\">KRPAN 6,5\u00a0EH<\/td>\n<\/tr>\n<tr style=\"height: 26px;\">\n<td style=\"height: 26px; width: 253.53125px;\">Zugkraft<\/td>\n<td style=\"height: 26px; width: 128.5px;\">45 kN (4,5 t)<\/td>\n<td style=\"height: 26px; width: 95.140625px;\">55\u00a0kN (5,5 t)<\/td>\n<td style=\"height: 26px; width: 59.515625px;\">65\u00a0kN (6,5 t)<\/td>\n<\/tr>\n<tr style=\"height: 26px;\">\n<td style=\"height: 26px; width: 253.53125px;\">Bremskraft<\/td>\n<td style=\"height: 26px; width: 128.5px;\">56 kN<\/td>\n<td style=\"height: 26px; width: 95.140625px;\">\u00a069 kN<\/td>\n<td style=\"height: 26px; width: 59.515625px;\">81kN<\/td>\n<\/tr>\n<tr style=\"height: 25px;\">\n<td style=\"height: 25px; width: 253.53125px;\">Mittlere Geschwindigkeit<\/td>\n<td style=\"height: 25px; width: 128.5px;\">0,6 m\/s<\/td>\n<td style=\"height: 25px; width: 95.140625px;\">\u00a00,6 m\/s<\/td>\n<td style=\"height: 25px; width: 59.515625px;\">\u00a00,6 m\/s<\/td>\n<\/tr>\n<tr style=\"height: 26px;\">\n<td style=\"height: 26px; width: 253.53125px;\">Seill\u00e4nge\/Seildurchmesser verdichtet<\/td>\n<td style=\"height: 26px; width: 128.5px;\">70 m \/ 9 mm<\/td>\n<td style=\"height: 26px; width: 95.140625px;\">\u00a070 m \/ 10\u00a0mm<\/td>\n<td style=\"height: 26px; width: 59.515625px;\">80 m \/ 11 mm<\/td>\n<\/tr>\n<tr style=\"height: 26px;\">\n<td style=\"height: 26px; width: 253.53125px;\">Seilaufnahme \/ Seildurchmesser verdichtet<\/td>\n<td style=\"height: 26px; width: 128.5px;\">130 m \/ 9 mm<\/td>\n<td style=\"height: 26px; width: 95.140625px;\">\u00a0100 m \/ 10\u00a0mm<\/td>\n<td style=\"height: 26px; width: 59.515625px;\">\u00a0120 m \/ 11 mm<\/td>\n<\/tr>\n<tr style=\"height: 26px;\">\n<td style=\"height: 26px; width: 253.53125px;\">Erforderliche Traktorleistung<\/td>\n<td style=\"height: 26px; width: 128.5px;\">24-39 kW \/ 33-53\u00a0PS<\/td>\n<td style=\"height: 26px; width: 95.140625px;\">33-48 kW \/ 45-65 PS<\/td>\n<td style=\"height: 26px; width: 59.515625px;\">\u00a044-66 kW \/ 60-90PS<\/td>\n<\/tr>\n<tr style=\"height: 26px;\">\n<td style=\"height: 26px; width: 253.53125px;\">Schildbreite<\/td>\n<td style=\"height: 26px; width: 128.5px;\">1415 mm*<\/td>\n<td style=\"height: 26px; width: 95.140625px;\">1515 mm*<\/td>\n<td style=\"height: 26px; width: 59.515625px;\">\u00a01620 mm*<\/td>\n<\/tr>\n<tr style=\"height: 26.375px;\">\n<td style=\"height: 26.375px; width: 253.53125px;\">Tiefe<\/td>\n<td style=\"height: 26.375px; width: 128.5px;\">490 mm<\/td>\n<td style=\"height: 26.375px; width: 95.140625px;\">\u00a0490 mm<\/td>\n<td style=\"height: 26.375px; width: 59.515625px;\">\u00a0660 mm<\/td>\n<\/tr>\n<tr style=\"height: 26px;\">\n<td style=\"height: 26px; width: 253.53125px;\">H\u00f6he mit\u00a0Schutzgitter<\/td>\n<td style=\"height: 26px; width: 128.5px;\">2300 mm<\/td>\n<td style=\"height: 26px; width: 95.140625px;\">\u00a02300 mm<\/td>\n<td style=\"height: 26px; width: 59.515625px;\">2300 mm<\/td>\n<\/tr>\n<tr style=\"height: 26px;\">\n<td style=\"height: 26px; width: 253.53125px;\">H\u00f6he ohne\u00a0Schutzgitter<\/td>\n<td style=\"height: 26px; width: 128.5px;\">1480 mm<\/td>\n<td style=\"height: 26px; width: 95.140625px;\">\u00a01580 mm<\/td>\n<td style=\"height: 26px; width: 59.515625px;\">\u00a01770 mm<\/td>\n<\/tr>\n<tr style=\"height: 26px;\">\n<td style=\"height: 26px; width: 253.53125px;\">Gewicht (ohne Seil)<\/td>\n<td style=\"height: 26px; width: 128.5px;\">347 kg<\/td>\n<td style=\"height: 26px; width: 95.140625px;\">\u00a0413\u00a0kg<\/td>\n<td style=\"height: 26px; width: 59.515625px;\">\u00a0621 kg<\/td>\n<\/tr>\n<tr style=\"height: 26px;\">\n<td style=\"height: 26px; width: 253.53125px;\">Befestigungs-Kategorie<\/td>\n<td style=\"height: 26px; width: 128.5px;\">I., II.<\/td>\n<td style=\"height: 26px; width: 95.140625px;\">\u00a0I., II.<\/td>\n<td style=\"height: 26px; width: 59.515625px;\">\u00a0I., II.<\/td>\n<\/tr>\n<tr style=\"height: 26px;\">\n<td style=\"height: 26px; width: 253.53125px;\">Untere Einlaufrolle<\/td>\n<td style=\"height: 26px; width: 128.5px;\">Serienm\u00e4\u00dfig<\/td>\n<td style=\"height: 26px; width: 95.140625px;\">\u00a0Serienm\u00e4\u00dfig<\/td>\n<td style=\"height: 26px; width: 59.515625px;\">\u00a0Serienm\u00e4\u00dfig<\/td>\n<\/tr>\n<tr style=\"height: 26px;\">\n<td style=\"height: 26px; width: 253.53125px;\">Anh\u00e4ngekupplung<\/td>\n<td style=\"height: 26px; width: 128.5px;\">Serienm\u00e4\u00dfig<\/td>\n<td style=\"height: 26px; width: 95.140625px;\">\u00a0Serienm\u00e4\u00dfig<\/td>\n<td style=\"height: 26px; width: 59.515625px;\">\u00a0Serienm\u00e4\u00dfig<\/td>\n<\/tr>\n<tr style=\"height: 26px;\">\n<td style=\"height: 26px; width: 253.53125px;\">Hydraulischer Seilaussto\u00df<\/td>\n<td style=\"height: 26px; width: 128.5px;\">Optional<\/td>\n<td style=\"height: 26px; width: 95.140625px;\">Optional<\/td>\n<td style=\"height: 26px; width: 59.515625px;\">Optional<\/td>\n<\/tr>\n<tr style=\"height: 26px;\">\n<td style=\"height: 26px; width: 253.53125px;\">Mengenteiler<\/td>\n<td style=\"height: 26px; width: 128.5px;\">Serienm\u00e4\u00dfig**<\/td>\n<td style=\"height: 26px; width: 95.140625px;\">Serienm\u00e4\u00dfig**<\/td>\n<td style=\"height: 26px; width: 59.515625px;\">Serienm\u00e4\u00dfig**<\/td>\n<\/tr>\n<tr style=\"height: 26px;\">\n<td style=\"height: 26px; width: 253.53125px;\">Funkfernsteuerung<\/td>\n<td style=\"height: 26px; width: 128.5px;\">Optional<\/td>\n<td style=\"height: 26px; width: 95.140625px;\">Optional<\/td>\n<td style=\"height: 26px; width: 59.515625px;\">Optional<\/td>\n<\/tr>\n<tr style=\"height: 26px;\">\n<td style=\"height: 26px; width: 253.53125px;\">Hydraulisch verstellbares Polterschild<\/td>\n<td style=\"height: 26px; width: 128.5px;\">\/<\/td>\n<td style=\"height: 26px; width: 95.140625px;\">\/<\/td>\n<td style=\"height: 26px; width: 59.515625px;\">\/<\/td>\n<\/tr>\n<\/tbody>\n<\/table>\n<p>* Schildverbreiterungsm\u00f6glichkeit um 200mm<\/p>\n<p>**bei allen EH Winden mit hydraulischen Seilaussto\u00df<\/p>\n<\/div>\n<\/div>\n<\/div>\n<\/div>\n<h1>Die Forstseilwinden der Serie\u00a0<strong>E\u00a0<\/strong>und<strong>\u00a0ER<\/strong><\/h1>\n<p style=\"text-align: justify;\">Lorem ipsum dolor sit amet, consectetur adipiscing elit. Pellentesque dignissim nibh eu felis consequat volutpat.\u00a0Lorem ipsum dolor sit amet, consectetur adipiscing elit. Pellentesque dignissim nibh eu felis consequat volutpat.Lorem ipsum dolor sit amet, consectetur adipiscing elit. Pellentesque dignissim nibh eu felis consequat volutpat.Lorem ipsum dolor sit amet, consectetur adipiscing elit. Pellentesque dignissim nibh eu felis consequat volutpat.<\/p>\n<\/div><\/div>\r\n\t\t<\/div><div class=\"bt_bb_tab_item\">\r\n\t\t\t<div class=\"bt_bb_tab_content\"><div  class=\"bt_bb_text\" ><h1>Die Forstseilwinden der Serie\u00a0<strong>EH<\/strong><\/h1>\n<div class=\"interactive_module-description\"><b>Winde 5,5 FEH<\/b>\u00a0ist eine\u00a0<b>kombinierte Winde f\u00fcr Heck- und Frontanbau<\/b>\u00a0am Traktor, der damit\u00a0<b>vielseitiger<\/b>\u00a0wird. Mit der Winde vorne, bleibt noch hinten am Traktor der Anschluss f\u00fcr andere Ger\u00e4te frei.<\/div>\n<div class=\"interactive_module-description\"><\/div>\n<div class=\"collapsibleContent\">\u00a0<a href=\"http:\/\/wp12848379.server-he.de\/wp-content\/uploads\/2017\/04\/95-EH_1.jpeg\"><img decoding=\"async\" loading=\"lazy\" class=\"alignnone size-medium wp-image-168\" src=\"http:\/\/wp12848379.server-he.de\/wp-content\/uploads\/2017\/04\/95-EH_1-200x300.jpeg\" alt=\"\" width=\"200\" height=\"300\" srcset=\"http:\/\/www.forsttec.lu\/wp-content\/uploads\/2017\/04\/95-EH_1-200x300.jpeg 200w, http:\/\/www.forsttec.lu\/wp-content\/uploads\/2017\/04\/95-EH_1.jpeg 427w\" sizes=\"(max-width: 200px) 100vw, 200px\" \/><\/a><a href=\"http:\/\/wp12848379.server-he.de\/wp-content\/uploads\/2017\/04\/95-EH_DNS_detajli_2.jpeg\"><img decoding=\"async\" loading=\"lazy\" class=\"alignnone size-medium wp-image-173\" src=\"http:\/\/wp12848379.server-he.de\/wp-content\/uploads\/2017\/04\/95-EH_DNS_detajli_2-200x300.jpeg\" alt=\"\" width=\"200\" height=\"300\" srcset=\"http:\/\/www.forsttec.lu\/wp-content\/uploads\/2017\/04\/95-EH_DNS_detajli_2-200x300.jpeg 200w, http:\/\/www.forsttec.lu\/wp-content\/uploads\/2017\/04\/95-EH_DNS_detajli_2.jpeg 427w\" sizes=\"(max-width: 200px) 100vw, 200px\" \/><\/a><\/div>\n<div class=\"collapsibleContent\">\n<h1><\/h1>\n<div class=\"collapsibleContent\">\n<div class=\"collapsibleContent-content\">\n<div class=\"paragraph paragraph-normal \">\n<div>Bei\u00a0<b>Frontanbau<\/b>\u00a0benutzen wir den\u00a0<b>oberen Stummel<\/b>, bei dem die Standarddrehzahl 1000 min-1 \u00a0betr\u00e4gt und die Welle nach<b>\u00a0rechts<\/b>\u00a0dreht.\u00a0Bei\u00a0<b>Heckanbau<\/b>\u00a0benutzt man den\u00a0<b>unteren Stummel<\/b>\u00a0mit der linken Drehrichtung und Standard 540 min -1.<\/div>\n<div>\n<div><\/div>\n<h2>SICHERHEIT<\/h2>\n<div>als wichtigster Faktor wird durch Konstruktionsl\u00f6sungen gew\u00e4hrleistet, die mit den europ\u00e4ischen Sicherheitsvorschriften (CE) \u00fcbereinstimmen.<\/div>\n<div><\/div>\n<h2>FUNKTIONALIT\u00c4T<\/h2>\n<p>einfaches und schnelles Ankoppeln an alle Traktortypen<\/p>\n<p>gro\u00dfe Zugkraft<\/p>\n<p>einfache und betriebssichere Steuerung<\/p>\n<p>gro\u00dfe Kapazit\u00e4t der Seiltrommel<\/p>\n<div><\/div>\n<h2>QUALIT\u00c4T<\/h2>\n<p>robuste und gepr\u00fcfte Konstruktion<\/p>\n<p>qualit\u00e4tsvolle Materiale<\/p>\n<p>hoher technologische Niveau der Produktion<\/p>\n<p>hohe Arbeitsicherheit<\/p>\n<p>100% effektive Endkontrolle<\/p>\n<\/div>\n<div><\/div>\n<div>Alle Winden der Serie EH (= elektro-hydraulische Steuerung) k\u00f6nnen optional mit dem patentierten Seilaussto\u00df und Einlaufbremse mit Stop-Schalter, Mengenteiler und Funkfernsteuerung ausger\u00fcstet werden.<\/div>\n<\/div>\n<div>\n<h2><\/h2>\n<h2>Eigenschaften<\/h2>\n<table class=\"results-table\" style=\"height: 781px;\" width=\"100%\" cellspacing=\"0\" cellpadding=\"0\">\n<tbody>\n<tr style=\"height: 26px;\">\n<td style=\"height: 26px; width: 253.53125px;\">TYP<\/td>\n<td style=\"height: 26px; width: 128.5px;\">KRPAN 4,5EH<\/td>\n<td style=\"height: 26px; width: 95.140625px;\">KRPAN5,5EH<\/td>\n<td style=\"height: 26px; width: 59.515625px;\">KRPAN 6,5\u00a0EH<\/td>\n<\/tr>\n<tr style=\"height: 26px;\">\n<td style=\"height: 26px; width: 253.53125px;\">Zugkraft<\/td>\n<td style=\"height: 26px; width: 128.5px;\">45 kN (4,5 t)<\/td>\n<td style=\"height: 26px; width: 95.140625px;\">55\u00a0kN (5,5 t)<\/td>\n<td style=\"height: 26px; width: 59.515625px;\">65\u00a0kN (6,5 t)<\/td>\n<\/tr>\n<tr style=\"height: 26px;\">\n<td style=\"height: 26px; width: 253.53125px;\">Bremskraft<\/td>\n<td style=\"height: 26px; width: 128.5px;\">56 kN<\/td>\n<td style=\"height: 26px; width: 95.140625px;\">\u00a069 kN<\/td>\n<td style=\"height: 26px; width: 59.515625px;\">81kN<\/td>\n<\/tr>\n<tr style=\"height: 25px;\">\n<td style=\"height: 25px; width: 253.53125px;\">Mittlere Geschwindigkeit<\/td>\n<td style=\"height: 25px; width: 128.5px;\">0,6 m\/s<\/td>\n<td style=\"height: 25px; width: 95.140625px;\">\u00a00,6 m\/s<\/td>\n<td style=\"height: 25px; width: 59.515625px;\">\u00a00,6 m\/s<\/td>\n<\/tr>\n<tr style=\"height: 26px;\">\n<td style=\"height: 26px; width: 253.53125px;\">Seill\u00e4nge\/Seildurchmesser verdichtet<\/td>\n<td style=\"height: 26px; width: 128.5px;\">70 m \/ 9 mm<\/td>\n<td style=\"height: 26px; width: 95.140625px;\">\u00a070 m \/ 10\u00a0mm<\/td>\n<td style=\"height: 26px; width: 59.515625px;\">80 m \/ 11 mm<\/td>\n<\/tr>\n<tr style=\"height: 26px;\">\n<td style=\"height: 26px; width: 253.53125px;\">Seilaufnahme \/ Seildurchmesser verdichtet<\/td>\n<td style=\"height: 26px; width: 128.5px;\">130 m \/ 9 mm<\/td>\n<td style=\"height: 26px; width: 95.140625px;\">\u00a0100 m \/ 10\u00a0mm<\/td>\n<td style=\"height: 26px; width: 59.515625px;\">\u00a0120 m \/ 11 mm<\/td>\n<\/tr>\n<tr style=\"height: 26px;\">\n<td style=\"height: 26px; width: 253.53125px;\">Erforderliche Traktorleistung<\/td>\n<td style=\"height: 26px; width: 128.5px;\">24-39 kW \/ 33-53\u00a0PS<\/td>\n<td style=\"height: 26px; width: 95.140625px;\">33-48 kW \/ 45-65 PS<\/td>\n<td style=\"height: 26px; width: 59.515625px;\">\u00a044-66 kW \/ 60-90PS<\/td>\n<\/tr>\n<tr style=\"height: 26px;\">\n<td style=\"height: 26px; width: 253.53125px;\">Schildbreite<\/td>\n<td style=\"height: 26px; width: 128.5px;\">1415 mm*<\/td>\n<td style=\"height: 26px; width: 95.140625px;\">1515 mm*<\/td>\n<td style=\"height: 26px; width: 59.515625px;\">\u00a01620 mm*<\/td>\n<\/tr>\n<tr style=\"height: 26.375px;\">\n<td style=\"height: 26.375px; width: 253.53125px;\">Tiefe<\/td>\n<td style=\"height: 26.375px; width: 128.5px;\">490 mm<\/td>\n<td style=\"height: 26.375px; width: 95.140625px;\">\u00a0490 mm<\/td>\n<td style=\"height: 26.375px; width: 59.515625px;\">\u00a0660 mm<\/td>\n<\/tr>\n<tr style=\"height: 26px;\">\n<td style=\"height: 26px; width: 253.53125px;\">H\u00f6he mit\u00a0Schutzgitter<\/td>\n<td style=\"height: 26px; width: 128.5px;\">2300 mm<\/td>\n<td style=\"height: 26px; width: 95.140625px;\">\u00a02300 mm<\/td>\n<td style=\"height: 26px; width: 59.515625px;\">2300 mm<\/td>\n<\/tr>\n<tr style=\"height: 26px;\">\n<td style=\"height: 26px; width: 253.53125px;\">H\u00f6he ohne\u00a0Schutzgitter<\/td>\n<td style=\"height: 26px; width: 128.5px;\">1480 mm<\/td>\n<td style=\"height: 26px; width: 95.140625px;\">\u00a01580 mm<\/td>\n<td style=\"height: 26px; width: 59.515625px;\">\u00a01770 mm<\/td>\n<\/tr>\n<tr style=\"height: 26px;\">\n<td style=\"height: 26px; width: 253.53125px;\">Gewicht (ohne Seil)<\/td>\n<td style=\"height: 26px; width: 128.5px;\">347 kg<\/td>\n<td style=\"height: 26px; width: 95.140625px;\">\u00a0413\u00a0kg<\/td>\n<td style=\"height: 26px; width: 59.515625px;\">\u00a0621 kg<\/td>\n<\/tr>\n<tr style=\"height: 26px;\">\n<td style=\"height: 26px; width: 253.53125px;\">Befestigungs-Kategorie<\/td>\n<td style=\"height: 26px; width: 128.5px;\">I., II.<\/td>\n<td style=\"height: 26px; width: 95.140625px;\">\u00a0I., II.<\/td>\n<td style=\"height: 26px; width: 59.515625px;\">\u00a0I., II.<\/td>\n<\/tr>\n<tr style=\"height: 26px;\">\n<td style=\"height: 26px; width: 253.53125px;\">Untere Einlaufrolle<\/td>\n<td style=\"height: 26px; width: 128.5px;\">Serienm\u00e4\u00dfig<\/td>\n<td style=\"height: 26px; width: 95.140625px;\">\u00a0Serienm\u00e4\u00dfig<\/td>\n<td style=\"height: 26px; width: 59.515625px;\">\u00a0Serienm\u00e4\u00dfig<\/td>\n<\/tr>\n<tr style=\"height: 26px;\">\n<td style=\"height: 26px; width: 253.53125px;\">Anh\u00e4ngekupplung<\/td>\n<td style=\"height: 26px; width: 128.5px;\">Serienm\u00e4\u00dfig<\/td>\n<td style=\"height: 26px; width: 95.140625px;\">\u00a0Serienm\u00e4\u00dfig<\/td>\n<td style=\"height: 26px; width: 59.515625px;\">\u00a0Serienm\u00e4\u00dfig<\/td>\n<\/tr>\n<tr style=\"height: 26px;\">\n<td style=\"height: 26px; width: 253.53125px;\">Hydraulischer Seilaussto\u00df<\/td>\n<td style=\"height: 26px; width: 128.5px;\">Optional<\/td>\n<td style=\"height: 26px; width: 95.140625px;\">Optional<\/td>\n<td style=\"height: 26px; width: 59.515625px;\">Optional<\/td>\n<\/tr>\n<tr style=\"height: 26px;\">\n<td style=\"height: 26px; width: 253.53125px;\">Mengenteiler<\/td>\n<td style=\"height: 26px; width: 128.5px;\">Serienm\u00e4\u00dfig**<\/td>\n<td style=\"height: 26px; width: 95.140625px;\">Serienm\u00e4\u00dfig**<\/td>\n<td style=\"height: 26px; width: 59.515625px;\">Serienm\u00e4\u00dfig**<\/td>\n<\/tr>\n<tr style=\"height: 26px;\">\n<td style=\"height: 26px; width: 253.53125px;\">Funkfernsteuerung<\/td>\n<td style=\"height: 26px; width: 128.5px;\">Optional<\/td>\n<td style=\"height: 26px; width: 95.140625px;\">Optional<\/td>\n<td style=\"height: 26px; width: 59.515625px;\">Optional<\/td>\n<\/tr>\n<tr style=\"height: 26px;\">\n<td style=\"height: 26px; width: 253.53125px;\">Hydraulisch verstellbares Polterschild<\/td>\n<td style=\"height: 26px; width: 128.5px;\">\/<\/td>\n<td style=\"height: 26px; width: 95.140625px;\">\/<\/td>\n<td style=\"height: 26px; width: 59.515625px;\">\/<\/td>\n<\/tr>\n<\/tbody>\n<\/table>\n<p>* Schildverbreiterungsm\u00f6glichkeit um 200mm<\/p>\n<p>**bei allen EH Winden mit hydraulischen Seilaussto\u00df<\/p>\n<\/div>\n<\/div>\n<\/div>\n<\/div>\n<\/div><\/div>\r\n\t\t<\/div><div class=\"bt_bb_tab_item\">\r\n\t\t\t<div class=\"bt_bb_tab_content\"><div  class=\"bt_bb_text\" ><h1>Die Forstseilwinden der Serie\u00a0<strong>SAVALL<\/strong><\/h1>\n<p style=\"text-align: justify;\">Lorem ipsum dolor sit amet, consectetur adipiscing elit. Pellentesque dignissim nibh eu felis consequat volutpat.\u00a0Lorem ipsum dolor sit amet, consectetur adipiscing elit. Pellentesque dignissim nibh eu felis consequat volutpat.Lorem ipsum dolor sit amet, consectetur adipiscing elit. Pellentesque dignissim nibh eu felis consequat volutpat.Lorem ipsum dolor sit amet, consectetur adipiscing elit. Pellentesque dignissim nibh eu felis consequat volutpat.<\/p>\n<\/div><\/div>\r\n\t\t<\/div><div class=\"bt_bb_tab_item\">\r\n\t\t\t<div class=\"bt_bb_tab_content\"><div  class=\"bt_bb_text\" ><h1>Die Forstseilwinden der Serie\u00a0<strong>DH<\/strong><\/h1>\n<p style=\"text-align: justify;\">Lorem ipsum dolor sit amet, consectetur adipiscing elit. Pellentesque dignissim nibh eu felis consequat volutpat.\u00a0Lorem ipsum dolor sit amet, consectetur adipiscing elit. Pellentesque dignissim nibh eu felis consequat volutpat.Lorem ipsum dolor sit amet, consectetur adipiscing elit. Pellentesque dignissim nibh eu felis consequat volutpat.Lorem ipsum dolor sit amet, consectetur adipiscing elit. Pellentesque dignissim nibh eu felis consequat volutpat.<\/p>\n<\/div><\/div>\r\n\t\t<\/div><div class=\"bt_bb_tab_item\">\r\n\t\t\t<div class=\"bt_bb_tab_content\"><div  class=\"bt_bb_text\" ><h1>Doppeltrommelforstseilwinden<\/h1>\n<p style=\"text-align: justify;\">Lorem ipsum dolor sit amet, consectetur adipiscing elit. Pellentesque dignissim nibh eu felis consequat volutpat.\u00a0Lorem ipsum dolor sit amet, consectetur adipiscing elit. Pellentesque dignissim nibh eu felis consequat volutpat.Lorem ipsum dolor sit amet, consectetur adipiscing elit. Pellentesque dignissim nibh eu felis consequat volutpat.Lorem ipsum dolor sit amet, consectetur adipiscing elit. Pellentesque dignissim nibh eu felis consequat volutpat.<\/p>\n<\/div><\/div>\r\n\t\t<\/div><\/div><\/div><\/div><\/div><\/div><\/div><\/div><\/div><\/section><\/div>","protected":false},"excerpt":{"rendered":"","protected":false},"author":1,"featured_media":0,"parent":0,"menu_order":0,"comment_status":"closed","ping_status":"closed","template":"","meta":[],"_links":{"self":[{"href":"http:\/\/www.forsttec.lu\/index.php?rest_route=\/wp\/v2\/pages\/156"}],"collection":[{"href":"http:\/\/www.forsttec.lu\/index.php?rest_route=\/wp\/v2\/pages"}],"about":[{"href":"http:\/\/www.forsttec.lu\/index.php?rest_route=\/wp\/v2\/types\/page"}],"author":[{"embeddable":true,"href":"http:\/\/www.forsttec.lu\/index.php?rest_route=\/wp\/v2\/users\/1"}],"replies":[{"embeddable":true,"href":"http:\/\/www.forsttec.lu\/index.php?rest_route=%2Fwp%2Fv2%2Fcomments&post=156"}],"version-history":[{"count":23,"href":"http:\/\/www.forsttec.lu\/index.php?rest_route=\/wp\/v2\/pages\/156\/revisions"}],"predecessor-version":[{"id":296,"href":"http:\/\/www.forsttec.lu\/index.php?rest_route=\/wp\/v2\/pages\/156\/revisions\/296"}],"wp:attachment":[{"href":"http:\/\/www.forsttec.lu\/index.php?rest_route=%2Fwp%2Fv2%2Fmedia&parent=156"}],"curies":[{"name":"wp","href":"https:\/\/api.w.org\/{rel}","templated":true}]}}